a**4 - 3*a**2. What is d(4)?
-3
Let h be (-5*6/(-10))/(-3). Let s(l) be the third derivative of 0 + 3*l**2 + 0*l - 1/6*l**3 + 1/12*l**4. Calculate s(h).
-3
Suppose -f = -1 - 1. Let h(w) = 4*w - 7. Let x = -31 - -48. Let y(d) = -11*d + 20. Let s(u) = x*h(u) + 6*y(u). Determine s(f).
5
Let r(k) be the second derivative of -k**4/6 - k**3/6 + 3*k**2 + 295*k. Determine r(2).
-4
Let g = -145 - -141. Let r(y) = y**3 + 3*y**2 - 3*y - 9. Give r(g).
-13
Let t(v) = -8*v - 10. Let q = 1000 - 1003. Determine t(q).
14
Let s(r) = -11*r**2 + 1 + 13*r**3 - 8*r**3 - 11 + 22 - 10*r - 6*r**3. Give s(-10).
12
Let c(y) = 7*y**2 - 25*y - 16. Let u(p) = -3*p**2 + 13*p + 9. Let z(o) = 2*c(o) + 5*u(o). Give z(15).
13
Let h be (30/(-8))/(5/(-20)). Let d(s) = 8*s + s + 5*s - 7 - h*s. What is d(5)?
-12
Let c(y) = -y**2 - 23*y + 289. Let i be c(-32). Let f(h) = -4*h**3 - 4*h + 4. Give f(i).
-4
Suppose 77 = 2*m - m + y, -5*m = 2*y - 394. Let h be 2/(-7) + m/35. Let c(v) = -v + 6 - v + 4*v + h*v. What is c(-4)?
-10
Let n = 1138/3 - 379. Let z(x) be the first derivative of -3 - n*x**3 - 3*x - 3/2*x**2. Give z(-2).
-1
Let i = 316 + -308. Let z(q) = -q**2 + 7*q + 13. Give z(i).
5
Let b(c) = -2*c**2 + 32*c - 6. Suppose -3*y + 33 = 3*z, -11*y + 10*y = 5. Give b(z).
-6
Let n(t) be the first derivative of 1/24*t**4 - 1/2*t**3 + 1/60*t**5 + 1 + 0*t - 5/2*t**2. Let o(h) be the second derivative of n(h). Calculate o(0).
-3
Let d = -5 - -20. Let y(a) = -6 + 7 + a - d. Give y(7).
-7
Suppose 3*t + 0*t + 516 = 0. Let a be 8/(-20) - t/(-20). Let b(l) = -l**2 - 10*l - 3. Let k be b(a). Let c(j) = j**2 - 6*j + 7. Determine c(k).
7
Let n(l) = -2*l + 5. Suppose 0 = 3*i + 5*m - 85, -2*m = -i + 16 + 27. Suppose 27 = -2*h + i. Calculate n(h).
-3
Let y(r) = -9*r**2 + 7*r + 3. Let p(n) = -2*n**2. Let w(a) = 4*p(a) - y(a). Give w(7).
-3
Suppose 4 = -o - 5*s, 3*s + 6 + 47 = 4*o. Suppose -5*f - 29 = 2*a + 4, -o = 3*f - a. Let j be 0/((-4)/(f + 1)). Let z(h) = -h**2 - 2. Determine z(j).
-2
Let c(g) = g**3 - 9*g**2 + 4*g + 4. Let y(x) = -4*x**3 + 28*x**2 - 11*x - 10. Let u(z) = -7*c(z) - 2*y(z). What is u(-8)?
-24
Let j(i) = 4*i + 5. Suppose c + 4*c + 3*u = 11, 0 = -5*c - 5*u + 5. What is j(c)?
21
Let s(b) = -3*b**2 - 23*b - 23. Let f(v) = -2*v + 25. Let z be f(10). Let t(x) = -2*x**2 - 15*x - 15. Let d(o) = z*s(o) - 7*t(o). Calculate d(-9).
-1
Let h(n) = n**3 - 12*n**2 + 2*n - 16. Let j be ((-3)/5)/((-53)/1060). Give h(j).
8
Let i(h) = -29*h. Let b be i(1). Let c = b + 23. Let f(v) = -v - 2. Calculate f(c).
4
Let s(u) = u**2 + 2*u + 2. Let a(z) = 4*z**2 + 7*z + 13. Let x(f) = -a(f) + 5*s(f). Give x(-5).
7
Suppose -2*h - 2 = -3*h. Suppose -2*w + h = 6, -3*n - 15 = -3*w. Let r(k) = k**3 + 7*k**2 - k - 1. Give r(n).
6
Let f = 256 + -249. Let s(r) = r**3 - 8*r**2 + 6*r - 3. What is s(f)?
-10
Let s be 1/2*0/3. Let b(i) = i**2 - 21*i - 40. Let w be b(23). Suppose -3*f + w = -s. Let g(x) = x**2 - 2*x + 1. Determine g(f).
1
Let g(o) = -2*o - 1. Let q(k) = -k**2 + 8*k + 2. Let z(v) = -6*g(v) - q(v). What is z(-4)?
4
Let z be 792/(-414) + 2/(-23). Let c(r) = -5*r + 9. Let x(d) = -26*d + 46. Let h(k) = 11*c(k) - 2*x(k). Let t(m) = m - 2. Let b(l) = z*h(l) - 7*t(l). Give b(3).
-3
Let k(r) = r**2 - r + 7. Let f = 18 + -18. Suppose f = 4*g - 9 + 9. Give k(g).
7
Let a = -1 - 2. Let j be ((-3 - -5) + -1)*a. Let g(h) = 2*h**2 + 9*h - 1. Let x(y) = y**2 + 4*y - 1. Let f(t) = 2*g(t) - 5*x(t). Determine f(j).
0
Let y(z) = 3*z**2 + 9*z - 5. Let r(k) = -k**3 - k**2 + 7*k + 8. Let g be r(-3). Let a(v) = 7*v**2 + 18*v - 9. Let l(t) = g*y(t) - 2*a(t). Calculate l(-9).
-7
Let h(z) = 33*z - 3. Let s(r) = 59*r - 6. Let l(p) = -9*h(p) + 5*s(p). Give l(-5).
7
Let u(h) = h**3 + 5*h**2 - 2*h - 5. Let z be u(-5). Let x(t) = t**3 + 0 + t**2 - 1 + 3*t - z*t. Suppose 14*k + 20 = 4*k. Calculate x(k).
-1
Let i(q) = -q**3 - 10*q**2 - 23*q + 9. Let c be i(-6). Let w(l) = 2*l**2 - 7*l + 3. Determine w(c).
0
Let b(t) be the second derivative of t**5/20 + 5*t**4/12 + t**3 + 3*t**2 - 2*t - 117. Give b(-5).
-24
Let g be 11 - 5 - (24 - 25). Let z(h) = -h**3 + 7*h**2 - 2*h - 6. Determine z(g).
-20
Let r(o) = o - 1. Let a(j) = -2*j**3 + 10*j**2 - 4*j - 5. Let x(w) = -a(w) - 5*r(w). Let v be x(5). Let z(n) = -n**2 + 6*n + 3. Give z(v).
8
Let t(d) = -10*d**2 + 3 + 3 - 10 + 3 + 3. Give t(-2).
-38
Let v(z) = z**2 - z - 3. Let c be v(-3). Let q(o) = -o**2 + 11*o - 7. What is q(c)?
11
Let t(y) = -22*y**2 + 39*y - 36. Let x(k) = 5*k**2 - 10*k + 9. Let n(j) = -2*t(j) - 9*x(j). Determine n(12).
-9
Let x(d) = -d**3 + 4*d**2 + 6*d - 7. Let c(m) = m**2 + 4*m - 3. Let s be c(-6). Let v = 77 - 73. Suppose -s*u = -v*u - 25. Calculate x(u).
-2
Let h(d) = -2*d. Let t(r) be the first derivative of -r**4/4 - 11*r**3/3 - 3*r - 17. Let f be t(-11). Calculate h(f).
6
Let l(f) = f + 8. Let x(z) = -2*z**2 - 16 - z**2 - 16 + 29 - z**3 + 2*z. Let h be x(-3). Determine l(h).
-1
Let m(r) = r**3 + 9*r**2 + 2*r + 3. Let w(n) = 11*n + 7 + 2*n**3 - 22*n + 15*n + 17*n**2. Let b(j) = 7*m(j) - 4*w(j). Calculate b(-5).
3
Let v(w) be the second derivative of w**7/840 - w**6/120 - w**5/20 + w**4/24 + 5*w**3/3 + 33*w. Let l(x) be the second derivative of v(x). Calculate l(4).
-7
Let v(i) = -2*i - 12. Let z be v(-8). Let a(w) = 9*w**2 - w - 2. Let m(d) = -8*d**2 + d + 3. Let u(n) = z*a(n) + 3*m(n). What is u(1)?
12
Let r(z) = 5 - 2205*z**2 - 2205*z**2 + 4409*z**2. Give r(-5).
-20
Suppose -10 = -r + 3*a - 30, 0 = r + 2*a - 5. Let p(o) = o**2 + 7*o - 7. What is p(r)?
-17
Suppose 0 = -4*i - x - 56, 0*i = 3*i + 5*x + 25. Let v(d) = d + 12. Give v(i).
-3
Let c(m) = -19. Let x(j) = -54. Let f(i) = -17*c(i) + 6*x(i). Let a(y) = -2*y + 3*y**2 - y**2 + 0*y - 6. Let r(v) = -a(v) + 8*f(v). Calculate r(2).
-6
Let d(t) be the second derivative of -t**3/6 + 7*t**2 - 394*t. Determine d(7).
7
Let f(v) = v**2 - v - 20. Let k(l) = 8. Let i(w) = w - 40. Let d(u) = -2*i(u) - 11*k(u). Let h be d(-4). Give f(h).
-20
Let r = -63 - -66. Let b(v) = -r*v - 8*v - 1 + 12*v. Determine b(-3).
-4
Let j(s) = 3*s**3 - 7*s**2 + 1. Let y(b) = -2*b + 2. Let v be y(0). Give j(v).
-3
Let g(l) = -l**3 - 7*l**2 - 2*l - 7. Suppose -x - 73 = -66. Calculate g(x).
7
Let s(q) = -q + 1. Let t(w) = w - 1. Let o(r) = r**3 - 9*r**2 - 2. Let f be o(9). Let z(b) = f*s(b) - t(b). Determine z(-5).
-6
Suppose 4*r + 11 = 3*o - 7, -2*o - 4 = 0. Suppose 20 = -7*p + 2*p. Let q(t) = t**2 + 1. Let a(u) = 3*u**2 - 6*u + 7. Let j(d) = p*q(d) + a(d). Determine j(r).
3
Let j(t) = 4*t - 4. Let n be j(4). Suppose 3*i = -9, 0 = -5*b + 3*i + n + 22. Let q(c) = -2 - b + 3 - 2*c - c**2 + 5. What is q(-2)?
1
Let l(t) be the first derivative of -14*t**3/3 + t - 3. Let h = -60 - -61. What is l(h)?
-13
Let h(t) be the third derivative of -1/6*t**3 - 9*t**2 + 5/24*t**4 + 1/120*t**6 + 0 + 0*t - 1/12*t**5. Give h(4).
3
Let d(a) = 6 + 7 + 6*a + 33 - 32 - a**2. Give d(9).
-13
Let r(d) = 2*d**3 + d**2 + 9*d - 7. Let p(h) = -24*h + 0*h**2 - h**2 + 1 + 23*h. Let w(i) = -i - 1. Let s be w(4). Let g(y) = s*p(y) - r(y). What is g(2)?
-6
Let g(a) be the third derivative of a**4/24 + a**3/3 - 9*a**2 - 8. Determine g(-10).
-8
Let c(v) = 25*v**2 - 41*v + 3. Let t(y) = 12*y**2 - 16*y + 1. Let s(j) = 2*c(j) - 5*t(j). Let l be (4/(-10))/(8/(-20)). Give s(l).
-11
Suppose 3*a = 4*y - 52 + 202, 4*a + 8 = 0. Let m = -40 - y. Let h(q) be the second derivative of -4*q**3/3 - 4*q. What is h(m)?
8
Let k(a) = -a**3 + 7*a**2 + a - 6. Let v(b) = -3*b - 14. Let y be v(-6). Let o be (y - (-30)/5) + -3. Determine k(o).
1
Let a be 7 + -7 - (-2 + -1). Suppose -2*o + 10 = 2*x, 0 = 5*x - o - 26 + 7. Let d(j) = -x*j**2 + j**a - j - 3*j - 3 - 3. Calculate d(5).
-1
Let r(h) = -h**2 - h - 4. Let o = 13 - 11. Suppose o*t = -t - 18. Let y be (21/t + 3)*0. Determine r(y).
-4
Let x(t) be the third derivative of t**4/24 - 7*t**3/6 - 3*t**2. Let k be (3 - 3)*(-2 + 1). Suppose h - 2*h = k. What is x(h)?
-7
Let n = 65 + -65. Let z(m) = 2 + n - 2*m + 4 + 6. Give z(8).
-4
Suppose -4*a - 10 = a. Let d(v) be the second derivative of v**5/20 + v**4/4 - v**3/6 + 11*v. Calculate d(a).
6
Let f(c) = c + 1. Suppose 2*v - 43 = -v + 2*l, l = 5*v - 60. Determine f(v).
12
Let j be 6 - (80/(-100) - (-42)/15). Let k(b) be the third derivative of 0 + 0*b - j*b**2 + 1/24*b**4 + 0*b**3 - 1/20*b**5. Calculate k(-2).
-14
Su